n l is divided by y.
17
Suppose -5*r = -d - 1360, 4 = -4*d - 16. What is the remainder when r is divided by 79?
34
Calculate the remainder when -9 - -2 - 3 - (-105948)/108 is divided by 47.
31
Let i(n) = 37*n - 33. Let s(c) = 12*c - 11. Let j(b) = 2*i(b) - 7*s(b). Let a be j(2). What is the remainder when (-511)/a - 4/18*-1 is divided by 29?
28
Let p(l) = l**3 + 4*l**2 - 48*l + 48. Calculate the remainder when (-6)/(-1 - 442/(-448)) is divided by p(-9).
73
Suppose g = -5*l + 88, 42*g + 5*l = 45*g - 224. Suppose 0 = -8*y + g + 10. Calculate the remainder when 34 is divided by y.
1
Suppose -308*p = -282*p - 780. Calculate the remainder when p is divided by 10.
0
Suppose 67*c - 609 = -2*f + 62*c, 5*c + 579 = 2*f. What is the remainder when f is divided by 87?
36
Let l be (-6)/42 - 1877/(-7). Let y = l - 25. What is the remainder when y is divided by 50?
43
Suppose -4*y = -55*s + 52*s - 346, 0 = y - 4*s - 93. Calculate the remainder when 731 is divided by y.
51
What is the remainder when 640 is divided by (-1)/(-6) + (-171)/(-285) + (-17121)/(-90)?
67
What is the remainder when 2937 is divided by 103 + -10 - (((-30)/6 - -5) + -5)?
95
Suppose 0 = 23*i - 112*i - 135*i + 1302112. What is the remainder when i is divided by 9?
8
Let p(k) = 311*k**2 + 15*k - 6. Let o be p(-8). Let c be o/165 + (-2)/(-15). What is the remainder when c/(-9)*(0 + -3) is divided by 14?
12
Suppose -2*m + 2*g + 28 = 0, -2*m + m - g = -14. Let i(z) = -5*z + 18. Let p be i(3). Calculate the remainder when 2321/44 - p/(-12) is divided by m.
11
Let k(n) = 2 + 16 - 45*n - 288 + 20*n. What is the remainder when k(-26) is divided by 48?
44
Suppose 5*i + 8 = 273. Let y = 204 + -202. What is the remainder when i is divided by 3*(y + 30/18)?
9
Let j = -729 - -781. Calculate the remainder when 123 is divided by j.
19
Suppose 4*m - 7 - 97 = 0. Let a(o) = 6*o**2 - 45*o + 176. Calculate the remainder when a(7) is divided by m.
25
Calculate the remainder when ((-66)/9)/(16540/1380 + -12) is divided by 69.
23
Suppose -3*k + 3*r = k - 424, 0 = 5*r. Calculate the remainder when k is divided by -2 + (9/3 - 2 - -43).
22
Let u = 1199 - 755. Suppose 4*d = 2*i + u, 3*d - 355 = i - 5*i. Let z = -63 + 92. Calculate the remainder when d is divided by z.
26
Suppose 0 = 5*v - 20, 17*v = 4*d + 21*v - 752. What is the remainder when d is divided by 38?
32
Suppose 2*o = o - 5*x + 28, 3*x = -2*o + 70. What is the remainder when o is divided by 3 + 4/14*(6 + 8)?
3
Let o(x) = -x**3 + 7*x**2 - 6*x - 7. Let v be o(5). What is the remainder when (v + -14)/(5312/1772 + -3) is divided by 74?
73
Suppose 7188 = 5*i + 4*w, -3105 - 4101 = -5*i + 2*w. Calculate the remainder when i is divided by 39.
36
Let i(j) = 15*j - 42. Let r be i(20). Suppose 6*l + 3*k + 323 = l, -4*l = 2*k + r. Let g = -54 - l. Calculate the remainder when 78 is divided by g.
8
Let d(u) = -9*u - 1. Let x = 65 - 73. What is the remainder when d(-10) is divided by (x/6)/(2/(-45))?
29
Suppose -4*q + 2*p + 27 = 11, 0 = -5*q - 5*p + 35. Suppose -5*x + 4*x = k - 3, 0 = 2*x - q*k + 8. What is the remainder when 15 is divided by x?
0
Suppose -2*a - 2183 = -5*r, -129*a - 2 = -131*a. Calculate the remainder when 438 is divided by r.
1
Let r(w) = 36*w - 307. Calculate the remainder when r(17) is divided by 6 + ((-39)/(-65))/((-1)/(-5)).
8
Suppose 4 - 1 = -3*f, -f - 1 = 2*p. Suppose p*u = 4*u - 536. Let n = u - 64. What is the remainder when n is divided by 39?
31
Let j(r) = 17*r - 116. Let p be j(6). Let o = p - -34. Calculate the remainder when 93 is divided by o.
13
Suppose -2*a = 4*r - 508, -5*a + 2*a + 6 = 0. Let m(y) = 17*y**2 + 4*y - 5. What is the remainder when r is divided by m(1)?
14
Suppose -75*o + 56865 + 9852 = -858. What is the remainder when o is divided by 270?
91
Let x(s) = 90*s - 2251. What is the remainder when x(37) is divided by 149?
36
Let r(n) = 7*n - 22*n**2 + 43*n**2 - 22*n**2. Let o be r(6). Suppose -10*w - o = -12*w. What is the remainder when 14 is divided by w?
2
Let d be -24*(12/(-16) + 0). Suppose 7*f = -d*f + 200. Calculate the remainder when f is divided by 1.
0
Suppose -3*t + 173 = 2*w, -2*t + 2 = 12. Let a = -17 + w. Calculate the remainder when a is divided by 2/(-8) - (-41)/4.
7
Let c(a) = a**3 + 5*a**2 - a + 4. Calculate the remainder when 51/(-19 + 693/36) is divided by c(-4).
12
Let w = 5251 - 2053. Calculate the remainder when w is divided by 160.
158
Let f = 26604 - 26528. Calculate the remainder when 1414 is divided by f.
46
Let t = 783 - 627. What is the remainder when 322 is divided by t?
10
Suppose -17*a = 2*a - 209. Let p(x) = x**3 - 9*x**2 - 24*x + 30. What is the remainder when 54 is divided by p(a)?
6
Suppose -11*y - 654 = -753. Calculate the remainder when 1672 is divided by y.
7
Let q(d) = 24*d**2 - d. Let a be q(-2). Let z(r) = -r**3 - 16*r**2 - 2*r + 69. Let j be z(-16). Let p = j - a. Calculate the remainder when 15 is divided by p.
0
Let h(o) = o**3 - 2*o**2 - o + 4. Suppose l + 1 = 5. What is the remainder when (52/9)/((-180)/(-4050)) - 3 is divided by h(l)?
31
Calculate the remainder when 4/((-16)/(-8)) + 28904/8 is divided by 8.
7
Let i = 11733 + -11600. What is the remainder when i is divided by 125?
8
Suppose -2 = -2*b - 2*q, 4*b + 3*q - 28 = 5*q. Let w = b - 0. Suppose -5*g + 3*r = -90, 0*g + 2*g + 5*r = w. Calculate the remainder when g is divided by 11.
4
Let v(u) = -u**2 + 62*u - 56. What is the remainder when 344 is divided by v(61)?
4
Suppose 4*g - 3*p + 897 = 0, 0 = 5*g - 2*g - 2*p + 673. Let z = g + 236. Calculate the remainder when 30 is divided by z.
8
Let z = 135 - 89. Suppose 0 = -93*v + 88*v + 65. What is the remainder when z is divided by v?
7
Calculate the remainder when 57 is divided by (848/159)/((-2)/(-6)).
9
Let h = -21 + 16. Let c(s) = -13*s - 24. What is the remainder when 159 is divided by c(h)?
36
Suppose 3*i + 202 = 18*i - 398. Calculate the remainder when 8717 is divided by i.
37
Suppose 0 = -5*n + 4*o + 42, -2*n + 4*o + 14 = o. Let s = -41 - -79. Suppose s = 7*z - 74. Calculate the remainder when z is divided by n.
6
Suppose -6*t + 48 = 2*t. Suppose 210 = z - t*z. Let p = -26 - z. Calculate the remainder when 62 is divided by p.
14
Suppose 0 = 2*b + 4*f - 40, 3*b + 45 = -2*f + 121. Let m = b - 26. Calculate the remainder when 33 is divided by m/4 + 63/14.
3
Suppose 23*l + 6310 = 7069. Calculate the remainder when l is divided by 28.
5
Let d be (-32)/(-40)*15/2. Calculate the remainder when (d - 36/15)*10 is divided by 5.
1
Suppose -5*a = -k + 149, 4*k - 5*a - 506 = 30. What is the remainder when k is divided by 11?
8
Let x(h) = 7*h + 2. Suppose -2*z - 4 = 0, 2*d - 3*z = -2*z + 58. Let n = 43 - d. Calculate the remainder when n is divided by x(1).
6
Let m(i) = -27 + 4*i + 2*i - 2*i + i**2. Suppose 0 = -8*b + 361 - 321. What is the remainder when 49 is divided by m(b)?
13
Let o(t) = 337*t - 4221. Calculate the remainder when o(15) is divided by 209.
207
Suppose -835 + 655 = -9*p. What is the remainder when 25 is divided by p?
5
Let r(v) = 35*v**2 - 59*v - 58. Let d = 62 + -41. Calculate the remainder when r(-1) is divided by d.
15
Suppose q = 5*n + 21, 5*q - 150 + 19 = -n. Calculate the remainder when 330 is divided by q.
18
Let k be 1/3*(-137742)/(-22) - 2. Suppose 34*v - 1859 - k = 0. What is the remainder when v is divided by 11?
6
Let a = 5362 + -4848. What is the remainder when a is divided by 170?
4
What is the remainder when (104/13)/(-7 - (-2187)/312) is divided by 19?
15
Suppose 12*d = -7*d - 13699. Let h = d - -772. What is the remainder when h is divided by 32?
19
Let c be ((-7)/(-3) - 1)/(168/5292). What is the remainder when 156 is divided by (-11)/22 + c/4?
6
Suppose 60 = 4*j - 4*u, 0 = 5*j + 4*u - 51 - 6. Let k(t) = 63*t - 1. Let f be 2/10 - 8/(-10). What is the remainder when k(f) is divided by j?
10
Let w = -242 + 393. Suppose 153 + w = 16*o. What is the remainder when 108 is divided by o?
13
Let l be 3/(-27)*-1 + (-9)/81. Suppose l = -5*r + 266 - 76. Calculate the remainder when 493 is divided by r.
37
Let w = -101 - -255. Let t = 4 - 4. Suppose -5*m = -t*m - 130. What is the remainder when w is divided by m?
24
What is the remainder when (70 - -650) + (-19)/(-1) is divided by 27?
10
Let f(l) = -365*l - 4507. Calculate the remainder when f(-13) is div